mmon divisor of c and 32.
8
Let i be (1 + -1)*1/3. Suppose -2*h - 3*h + 15 = i. Calculate the greatest common factor of 18 and h.
3
Let v(j) be the first derivative of j**4/4 + 5*j**3/3 - j**2/2 - 3*j + 4. Let g be v(-5). Calculate the greatest common factor of 16 and g.
2
Let j = -44 - -156. Calculate the highest common factor of 28 and j.
28
Let f be -12 - -10 - (-142 - 0). Calculate the highest common divisor of f and 28.
28
Let p(b) = 2*b**3 + 26*b**2 + 8. Let s be p(-13). What is the highest common factor of s and 56?
8
Suppose -3 = s + 4*b - 13, b + 29 = 2*s. Calculate the highest common divisor of 112 and s.
14
Suppose 0 = 5*h - 2*z - z - 660, h - 132 = -3*z. Let v = 22 - 24. Let n be (v/(-6))/(2/h). Calculate the highest common factor of n and 55.
11
Let z be 8/(-3)*(-18)/4. Calculate the highest common divisor of z and 12.
12
Let k be (-16)/3*(-81)/36. What is the highest common divisor of k and 48?
12
Suppose -j + 13 = -25. Let w be (-82)/(-4) + (-3)/2. Calculate the highest common divisor of w and j.
19
Let j = 6 + -13. Let u be (5/2)/(j/(-42)). What is the greatest common factor of 165 and u?
15
Let s be 98/10 + (104/20 - 5). What is the greatest common divisor of s and 45?
5
Let l(g) = 2*g. Let n(m) = -m - 3. Let k be n(-5). Suppose 0 = -4*u + 2*u - v + 9, -k*u = -2*v. Let o be l(u). What is the greatest common factor of o and 3?
3
Let z be 1/4 + 142/8. Suppose g - 7 = 5. Let o = 14 - g. Calculate the highest common divisor of o and z.
2
Suppose 12 = v + 3*v + 4*a, 0 = -5*v + 5*a + 5. Suppose v*t - 65 = 75. Calculate the highest common divisor of 10 and t.
10
Let h(j) = j**2 + 7*j - 7. Let v be h(-8). Suppose 0*f - 22 = -2*f. Let s = v + f. Calculate the highest common factor of 8 and s.
4
Suppose -3*b + 353 + 517 = 0. Suppose 2*k + k = -276. Let n = b + k. What is the highest common divisor of n and 18?
18
Let z = 1 - -19. What is the greatest common factor of 140 and z?
20
Let f be 14/4*(-24)/(-42). Let p = 8 - -6. Calculate the greatest common factor of p and f.
2
Suppose -4*u = -12, -4*u + 0*u + 212 = 5*i. Calculate the greatest common divisor of 32 and i.
8
Suppose 31 - 115 = -7*m. Calculate the greatest common divisor of 12 and m.
12
Let s be -9 - (2 - (-12)/(-3)). Let z = 10 + s. Calculate the greatest common factor of z and 21.
3
Let p(t) = 4*t + 32. Let w be p(26). What is the highest common factor of w and 51?
17
Let d be ((-220)/6)/(-5) + (-2)/(-3). What is the highest common divisor of 28 and d?
4
Let z = -30 + 32. Calculate the greatest common factor of 3 and z.
1
Let s = 24 - 10. Let b be 6/6 + 1*2. Let k be b + 0 + -2 + 6. What is the highest common divisor of k and s?
7
Let g(i) = -i**3 + 4*i**2 - 4*i + 3. Let p be g(2). Calculate the greatest common divisor of 3 and p.
3
Let a = 17 + -11. Suppose -544 + 220 = -a*m. What is the greatest common factor of 6 and m?
6
Let t(l) = 3 - 1 - 6*l - 4. Let i be t(-2). Calculate the greatest common factor of 15 and i.
5
Let x(d) = d**3 + 14*d**2 + 11*d - 15. Let f be x(-13). Calculate the highest common factor of f and 22.
11
Suppose -2*i + 288 = -72. Let j be 23 + (-2 - 4)/2. Calculate the greatest common factor of i and j.
20
Let y be (1 - 3)*(-67)/1. Suppose -275 = -x + 174. Suppose -x + y = -3*s. Calculate the greatest common factor of 42 and s.
21
Suppose 0 = -q + 2*v + 47, -1 - 4 = -5*v. What is the highest common divisor of q and 7?
7
Suppose -3*z + 10 = -8*z. Let c be 148/18 + z/9. Let m be (c/(-12))/(2/(-72)). What is the greatest common divisor of m and 8?
8
Suppose -2*b = -5*b + 6. Let x be 11/(3/(42/b)). What is the greatest common factor of x and 7?
7
Let n = 22 + -18. Suppose 0*c = -c - n, -5*z + 4*c + 56 = 0. Let p(d) = 7*d - 1. Let g be p(3). What is the highest common factor of g and z?
4
Suppose -426 = -5*p - 26. Let k be (-1 + 0)/(4/(-124)). Let u = k + -21. Calculate the highest common factor of u and p.
10
Let m(p) = -p**3 - 9*p**2 + 14*p + 16. Let c be m(-11). Let w = c - 60. What is the greatest common divisor of w and 4?
4
Let j be -3 + (962/65 - (-2)/10). What is the greatest common factor of j and 48?
12
Let p(u) = -u**3 - 3*u**2 - 2*u. Let t be p(-2). Suppose -2*d + 2*i - 4 = t, d + i = -4*d - 4. Let x = d + 4. Calculate the highest common factor of x and 9.
3
Let m(r) be the third derivative of -r**6/120 - r**5/10 + 3*r**3/2 + 9*r**2. Let i be m(-6). Calculate the highest common divisor of 36 and i.
9
Let o be (1 - (-3 + 3)) + 9. Calculate the highest common factor of 90 and o.
10
Suppose -3*v = -0 - 6. Let p = -384 + 392. What is the greatest common factor of p and v?
2
Let q be (-7)/(-21) - (-16)/6. Suppose p - q*p = -10. Calculate the greatest common factor of p and 1.
1
Let g(o) = o**3 - 3*o**2 + o - 5. Let c be g(4). Suppose -2*u = u - c. Calculate the highest common factor of 25 and u.
5
Suppose -5*h + 24 + 11 = 0. Calculate the highest common divisor of 63 and h.
7
Let q be 36*((-28)/(-8))/7. Calculate the highest common divisor of 72 and q.
18
Suppose -56 - 56 = -4*m. Let j = 28 + -13. Suppose 5*q + 0*b - 3*b = 23, 4*q - j = -b. What is the highest common factor of q and m?
4
Suppose -l - 4*l + 126 = -4*f, l - 24 = 2*f. Let m(a) = 2*a**2 - 5*a + 1. Let k be m(4). What is the greatest common divisor of k and l?
13
Let m = -48 + 102. Let o(p) = -p**2 - 7*p + 6. Let d be o(-7). Calculate the highest common factor of d and m.
6
Suppose -s - 6 = -2*s. Suppose 3*l = -3*w + s, w + 3 = 5*w - l. Let a = -84 + 89. What is the highest common factor of a and w?
1
Let z = -2 + 0. Let d be 65/z*20/(-25). Calculate the greatest common divisor of d and 39.
13
Let b = -144 + 368. Suppose h - 16 = -3*q + 112, h + b = 5*q. What is the highest common divisor of 4 and q?
4
Let s be (-5)/((-5)/(-2)) + 8. Suppose -k + s = 3. Calculate the greatest common divisor of k and 27.
3
Let p(d) = d**3 + 7*d**2 + 10. Let z be p(-7). What is the greatest common factor of 25 and z?
5
Let s(w) = -3*w - 1. Suppose -3*u + b - 6 = 0, -2*u = 2*b - 0*b - 4. Let z be s(u). What is the greatest common factor of z and 2?
2
Suppose 5*h = -2*n + 7, 3*h - 2*h + 2*n = 3. What is the greatest common divisor of h and 8?
1
Suppose 69 = 4*m - 5*x, -m + 36 = 4*x + x. Let h = 450 + -282. What is the highest common factor of m and h?
21
Let n(o) be the third derivative of -o**6/120 + o**5/10 + o**4/8 - 3*o**3/2 - o**2. Let h be n(6). What is the highest common divisor of 6 and h?
3
Let b = -8 + 15. What is the greatest common divisor of b and 28?
7
Let r be ((-75)/5)/(-1 + 0). Calculate the greatest common factor of 45 and r.
15
Let d = 5 + -3. Let q(g) = 27*g**2 - 4. Let c be q(d). What is the greatest common factor of 13 and c?
13
Let s(a) = 11*a - 7. Let q(v) = -v**3 + 5*v**2 - 3*v - 2. Let p be q(3). Let n be s(p). Calculate the highest common factor of n and 10.
10
Let y = -84 - -99. What is the greatest common factor of 135 and y?
15
Suppose 9 = 2*x - y, -2*x + 5*y - 1 = -30. Suppose u = x*u - 2. Calculate the greatest common divisor of 1 and u.
1
Suppose 0 = -2*p + 3*p + 23. Let f be (p/3)/(2/(-6)). Let g be (f - (0 + 1))/2. What is the highest common factor of g and 1?
1
Let q(v) = 3*v**2 - 5*v + 7. Let j be q(6). What is the highest common factor of 34 and j?
17
Let k(b) = -b**3 + 9*b**2 + 3*b - 8. Let a be k(9). Let o be 1/(12/(-8))*-57. What is the greatest common factor of o and a?
19
Let h(n) = -n**3 - 4*n**2 - n - 3. Let v be h(-5). Suppose -5*j + 53 = -v. Let i = j - 1. Calculate the highest common divisor of i and 120.
15
Suppose 2*w = -2*o + 80, -3*w = -o - 7 - 109. Calculate the highest common factor of w and 26.
13
Let y(t) = -t - 4. Suppose 0 = -4*z - 17 - 7. Let w be y(z). Suppose -44 = -w*x + 26. Calculate the greatest common divisor of 14 and x.
7
Let z(p) = -p**2 + 25*p - 39. Let y be z(19). What is the greatest common divisor of 50 and y?
25
Suppose 3*j - j + 150 = 0. Let v = 147 + j. Let o = 28 + -4. Calculate the highest common divisor of o and v.
24
Suppose 4*q - 20 = 20. Suppose -4*b = -3*b - 5. Suppose 59 = b*o - 66. Calculate the highest common factor of q and o.
5
Suppose 4 = 2*k + 2. Suppose 3*v + 8 + 3 = 4*p, 0 = 5*v + 2*p + k. Let y be v*-22*3/6. Calculate the greatest common factor of 11 and y.
11
Let q = 15 + 0. Let w = 54 + -24. Let z = w - q. Calculate